+ 0?
-5
Calculate (-2 - (2 + -4 - 1)) + 0.
1
What is 2 - (-2 - -8) - -3?
-1
(-21 - -21) + -3 + -4
-7
What is the value of -2 + -2 + (2 - 4) + 3?
-3
Calculate (0 - -6 - 5) + -5.
-4
What is the value of 1 + 5 + -9 + (0 - -2)?
-1
Calculate -3 + (-6 + 3 - -7 - 1).
0
Calculate -2 + 0 - (3 - (15 - 8)).
2
What is the value of -10 + 3 + -3 - (1 + -2)?
-9
-24 + 19 - (-1 - -3)
-7
Evaluate 4 - (1 - -2 - (-1 - 5)).
-5
Evaluate -3 - -2 - (6 + (-5 - -1)).
-3
Calculate 8 + (4 - 12) - (-1 - -7).
-6
What is the value of (2 + -4 - 4 - 7) + 8?
-5
Evaluate -1 + 1 + (-3 - (2 + -5)).
0
What is 0 + -6 + (7 - 3)?
-2
Evaluate -5 - (2 + -2 + -13 + 3).
5
What is (2 - 5) + 9 + 2 - 1?
7
Calculate 4 + -13 - 1 - -5.
-5
Calculate (7 - (7 - 0)) + (-4 - 2).
-6
Evaluate 0 + 4 + (-21 - -25) + -1.
7
Evaluate 5 - (6 + -3 + 3 + -4).
3
Evaluate -5 + (-3 - -3) + 3.
-2
What is the value of 1 + 0 + 3 - -1?
5
Calculate (-6 - -6) + 2 + (-1 - -2).
3
Evaluate -6 + (3 + -5 - (-13 + 0)).
5
Calculate -6 - -3 - (-15 - (3 + -6)).
9
Calculate -3 + 8 + -7 + 6.
4
What is the value of -5 - (-2 + -2 + -6)?
5
Evaluate -3 - -4 - 8 - -17.
10
Evaluate 7 + -1 - 5 - 0.
1
Evaluate -6 + -1 + (6 - (1 + -6)).
4
4 + 0 - (10 + 3 + -9)
0
What is (-1 - 4) + -43 + 50?
2
Calculate -2 + (6 + -4 - (0 + 0)).
0
What is 4 + -4 + 7 - 13?
-6
Calculate (0 - 8) + (10 + 7 - 2).
7
What is the value of (-12 - 0 - -4 - -14) + -12?
-6
-2 + -4 + (2 - -9)
5
What is (2 - (1 - -1)) + (-2 - -1)?
-1
Calculate (9 - 13) + -4 - -12.
4
What is 8 - (-6 - (2 - (12 + -3)))?
7
What is 5 - (-2 - -2) - 7?
-2
What is 4 + (0 - 3) - (1 - 1)?
1
Calculate (19 - 24) + (0 - -9).
4
What is -1 + (-13 - (-3 + -8))?
-3
What is the value of (12 - 2 - -3) + -4?
9
What is (-2 - -9) + (-7 - 5)?
-5
What is the value of (-2 - 1) + (-10 - -8)?
-5
(-35 - -36) + (-3 - 0)
-2
Evaluate -1 - (-3 + 4 + -2 - 1).
1
What is -5 - (-16 - (4 + -11))?
4
Evaluate -7 + 18 + 0 + -11.
0
Calculate (1 - (0 - 4)) + -32 + 22.
-5
Calculate (-1 - (15 - 9)) + 6.
-1
What is the value of (-6 - 7) + 5 - -3?
-5
What is (2 - -11) + -11 + -10?
-8
-70 + 77 + -10 + 2
-1
Evaluate 5 + -7 - (2 + -2 + 2).
-4
Evaluate 0 - (-6 + 10 - 0) - -4.
0
(-4 - -3 - -8) + -3
4
What is 1 - ((-4 - 0) + 10)?
-5
What is the value of (-1 + 9 + -1 - -2) + -5?
4
What is (-5 - -20) + -7 - 12?
-4
-9 - -7 - -7 - 6
-1
7 - (9 + -3 + -2)
3
What is -1 - (2 - (3 - -2)) - 2?
0
Calculate -15 - 2 - (7 + -15) - -8.
-1
Calculate 3 + 1 - (0 + 1).
3
Evaluate 3 + -2 - (-4 - -7).
-2
Evaluate 12 - (-6 - (-3 - 0)) - 7.
8
-7 - (9 + -6) - -6 - -11
7
Calculate 5 - (-6 + 10 + 5).
-4
What is the value of 2 + (3 - (0 - -6)) + 2?
1
What is the value of (-1 - 0) + -1 + -1 + 4?
1
16 + -6 + -2 - (-12 + 30)
-10
Calculate 63 + -60 - (6 - -1).
-4
Calculate -12 + 26 + -12 + 1.
3
Evaluate (-4 + 9 - -6) + -20.
-9
1 + (0 - 1 - 0)
0
Calculate (74 - 68) + (0 - -2).
8
What is the value of (0 - 1) + (-10 - -12) + 3?
4
Calculate -9 + (2 - (-5 + 4) - 1).
-7
(-2 - 5) + (-2 - -4 - -12)
7
What is 2 + (-1 - -2) + -1 + 3?
5
What is (-5 - (-20 - -9)) + -1 + 2?
7
Evaluate 2 + (-7 - (-5 - 0 - -2)).
-2
What is -16 + 20 - (2 - 0)?
2
What is (3 - 19) + -1 + 11?
-6
What is the value of 5 + (0 - (-5 + 7))?
3
What is 12 + (-8 - (0 + 6))?
-2
-1 - 3 - (-5 + 6)
-5
Calculate (-9 - -15) + -8 + 2.
0
Evaluate 3 + -2 - (-3 - -2).
2
Evaluate -1 - 2 - -1 - (-9 - -9).
-2
7 + (-11 - (-1 - (-5 + 6)))
-2
1 + 1 - 2 - (2 + 1)
-3
15 - (13 + -4) - (3 + 0)
3
6 + 1 + -14 + 3
-4
What is the value of (2 - 2) + (0 - -3) - 3?
0
3 - (2 - 1) - (-3 - -11)
-6
Evaluate -1 - ((-1 - 2) + (-3 - -4)).
1
0 + -2 - ((-3 - 0) + 3)
-2
Calculate -3 + 1 + 0 + -2.
-4
19 - (9 + 0) - 10
0
What is -2 + (0 + 7 + -3 - -6)?
8
1 - (-13 - -3 - -6)
5
Calculate (3 - 18) + 3 + (13 - 8).
-7
What is the value of 0 + (-9 - -5 - -2)?
-2
(-2 - 1) + 7 - 1
3
Calculate 1 - -2 - (2 - (3 + -5)).
-1
-28 + 21 + (5 - 1)
-3
What is the value of -1 - (-3 + 3 - 3) - 6?
-4
Calculate -6 - -15 - (1 + -4 + 8).
4
Calculate -6 + 0 - -7 - (3 + -4).
2
What is -10 + 4 + 4 + (-4 - -1)?
-5
-3 + 6 + (-3 - 3)
-3
What is the value of 0 + 4 - (-4 - -9)?
-1
Evaluate 1 + -2 + (-7 - -5).
-3
Evaluate 10 - ((12 - 5) + (0 - 1)).
4
Evaluate (7 + -6 - -2) + -4 + 6.
5
What is -3 + (15 - (9 + -3))?
6
Calculate -15 + 7 - (10 + -11).
-7
What is -4 - (-6 + 2) - -2 - -1?
3
What is the value of -7 + -3 + -3 + 8?
-5
What is -4 + 2 + 6 + (3 - 9)?
-2
(0 - 1 - 6 - 0) + 1
-6
What is (-1 - -5) + -5 + -4?
-5
What is the value of 0 + -14 - -27 - (8 + -3)?
8
What is 0 - 7 - ((22 - 10) + -27)?
8
What is -15 - ((-17 - -6) + 1)?
-5
2 - -12 - (-86 + 91)
9
What is 10 - 3 - (8 + 3)?
-4
What is the value of (-2 + -1 - (28 - 28)) + 7?
4
Calculate (-1 - 0) + (3 - 4 - -2).
0
8 - (20 + -7 - 7)
2
(-4 - -7) + 6 + -7
2
What is -10 + 18 - (0 - -3)?
5
Evaluate -8 - (9 - 20) - (0 + -1).
4
Evaluate -5 - (-2 - (-1 - -2)) - 4.
-6
What is the value of -4 - 1 - (15 - (16 + 4))?
0
What is the value of (38 - 35) + (-2 - 0)?
1
What is (1 - 6) + 5 - -1 - 5?
-4
2 + (-1 - -4) - 2
3
What is (3 - 9) + 5 - -5 - 3?
1
What is -2 - 4 - (-14 - -10)?
-2
Evaluate -17 + -3 + 6 + 5.
-9
What is -7 + 3 + 10 + -9?
-3
What is the value of 0 + -7 + 9 + -3 - -5?
4
-6 + -4 + 5 - -5
0
(-13 - -14) + 1 + 1
3
Evaluate (103 - 108) + 3 + -2 + -2.
-6
2 + 6 + 6 + -5
9
What is the value of -1 + 0 - (4 + -1)?
-4
Evaluate 2 + 3 - 2 - (1 + 0).
2
Calculate -1 + (-4 - (0 - 8)).
3
Evaluate -15 + 12 + 1 + -1.
-3
What is the value of -2 - 3 - -2 - (379 - 383)?
1
Calculate -1 + (0 - 2) + -2 + 11.
6
What is (2 - 4) + (-1 - -2) + 1?
0
Calculate 1 + 1 + (-11 - (3 - 15)).
3
Evaluate -3 - (-5 - (-12 - -5)).
-5
What is 6 - (2 + -7 + 5)?
6
4 + (-6 - (-11 + 4))
5
What is the value of -5 + 4 + 1 + -10 + -1?
-11
Calculate (4 - (9 - -5)) + 2 - -2.
-6
What is the value of (-39 - -34) + (6 - -1)?
2
Evaluate -11 - ((6 - 20) + 8).
-5
Evaluate -1 + -5 + (5 - (-5 - -3)).
1
-1 - 3 - (17 + -32 + 13)
-2
What is the value of -4 - (-2 + -2 + 4 + 1)?
-5
Calculate -1 - -5 - (3 + 0).
1
What is the value of 1 + 2 + (4 - (3 - -2))?
2
Evaluate 5 - (10 + (-5 - -5)).
-5
(-1 - 0) + 7 + -7 + 3
2
What is 174 + -182 - (1 + -5)?
-4
What is -2 + 1 + -8 + 2?
-7
1 - (-5 - -1) - 2
3
1 + -3 + 0 + 5 + -7
-4
What is 1 + -3 - (-11 + 10)?
-1
What is the value of -6 + 4 + 1 + -3 - -5?
1
(4 - 1) + -1 - -3
5
Calculate (1 - 4) + 36 + -35.
-2
What is the value of -1 - (-5 + -4 + 2)?
6
What is (0 - ((7 - 19) + 5)) + -3?
4
Calculate -1 + -1 - (4 + -3).
-3
What is the value of -6 - -8 - (1 + 0 - 0)?
1
Evaluate 4 - ((-4 - -8) + 3 + -4).
1
6 - -3 - -2 - 3
8
Calculate -3 + -1 - ((2 - -1) + -6).
-1
What is 5 + (-7 - (2 - 0 - 10))?
6
3 + (-1 - (6 + -2))
-2
What is the value of -7 + (-3 - (-25 + 11))?
4
(-1 - (0 - -1) - -2) + 3
3
(3 - 10) + 3 - -3
-1
Evaluate -4 - (-8 - (-2 + -1)) - -4.
5
Evaluate -4 - (-1 - -2) - -2.
-3
What is -15 + 13 - ((-3 - 1) + 1)?
1
Evaluate 2 + (-2 - (6 + -9) - -2).
5
What is the value of 0 - (0 - -4 - 9)?
5
What is the value of 0 - (-3 + 2) - -4?
5
What is (15 - 16) + 0 + 1 + 7?
7
Evaluate -16 - (-9 + (12 - 12)).
-7
What is the value of 22 - 14 - (0 + 4)?
4
Evaluate 0 + 6 + -3 + -2 - 5.
-4
Evaluate (2 - -2 - 5) + 3.
2
Calculate (9 - (-5 - -7)) + -4.
3
Calculate (6 - -1) + 8 + -12.
3
What is the value of 1 + 2 + (17 - (9 + 14))?
-3
Calculate 4 + (-8 - -4) + -5.
-5
Evaluate 2 + 1 - (12 - 6).
-3
1 - 3 - (-18 + 11)
5
Calculate (4 - 6) + (0 - -2) + -1.
-1
What is 1 + 4 - (-11 + 21)?
-5
What is the value of 2 + -1 - (2 + -4 - 2)?
5
Evaluate -20 + (0 - (-7 - 0)) + 7.
-6
Evaluate 2 + -5 + (8 - 2).
3
What is 4 + -5 + 0 - -9?
8
What is -12 - -18 - 16 - -13?
3
Calculate 12 - ((16 + -7 - 3) + -1).
7
Calculate 2 + (5 - 4) + -4.
-1
Calculate -5 + -1 + 3 - 1.
-4
Calculate 5 + -1 - (-7 - -7).
4
What is the value of (0 - 8) + 13 - 5?
0
What is -9 + (-11 - -21) + -2?
-1
What is the value of 2 - 1 - (8 + -12 - -7)?
-2
What is -5 - (17 + (-10 - 4))?
-8
Evaluate 7 - (7 + 6 + -6) - -1.
1
Calculate (-5 - -8) + 2 + (1 - 7).
-1
What is -3 + 9 + 0 + 0 + -6?
0
2 + 5 + -2 + (12 - 10)
7
Calculate (-2 - (4 - 3)) + 0 + 3.
0
What is the value of -10 + (-2 - -6) + 6 - 2?
-2
What is 5 - (7 + 1 + -10)?
7
Calculate 6 - 2 - (8 - 2).
-2
Evaluate -8 + 4 + -2 + 3.
-3
Evaluate 2 + -6 - (-4 - 0).
0
0 + 0 + (4 - 5)
-1
Evaluate -3 + 7 + 0 - 7.
-3
What is (-7 - 0) + 104 + -99?
-2
2 + 11 + -2 + -6
5
74 + -71 + 